3 - 46) - -20.
-34
Evaluate 2 + (8 - (17 - (-3 - -6))).
-4
What is the value of -10 + (-6 - (-8 - (-5 + (-4 - -4))))?
-13
What is 2 + -4 + -38 + 1 - -9?
-30
Evaluate (12 + (2 - 18) - -18) + -9.
5
Evaluate 54 - (33 - (-35 + 39)).
25
What is the value of 4 + (-13 - (-2 + 2))?
-9
(5 - -1) + (82 - 85) - (21 + -5)
-13
Evaluate 26 + -30 + 12 - (33 + (3 - 2)).
-26
Calculate (-9 - 2) + 2 + 13 + 8.
12
What is -4 + 0 - (2 + -11 + -1 - -7)?
-1
Evaluate -1 - (2 - (-7 - (-10 + 7) - 1)).
-8
-21 + 8 + (19 - 12 - 3)
-9
0 + -5 + -9 + 5 - (1 - -8)
-18
What is 4 - (1 + 7 + (-7 - -11) + -11)?
3
Evaluate (-5 + 37 - 47) + (1 - -28).
14
Calculate -64 - (-26 - (13 - -1)).
-24
-10 + (0 - 12 - -19) + -8
-11
What is the value of 0 + -3 + 2 + (-3 - -2) + 7?
5
Evaluate -92 + 95 + (-8 - (-2 - -2 - 0)).
-5
Evaluate 2 - ((-29 - 1) + 51).
-19
Calculate -15 - (6 - (12 + 1)) - (1 - -9).
-18
What is the value of (43 - ((8 - 8) + 14)) + (6 - 1)?
34
3 + ((-4 - -7) + 1 - 21 - 1)
-15
Evaluate (-1 - -1) + (18 - 16).
2
Evaluate (3 - 20) + -1 + (18 - 22).
-22
Calculate (-19 - -12) + (1 - (2 + (-2 - -3))).
-9
What is the value of 2 - (21 - (12 - -10))?
3
Evaluate -2 + 30 - (-7 - (-23 - -33) - -19).
26
Calculate -29 - 3 - ((10 - (3 - -10)) + -3).
-26
-37 + 9 - -18 - -35
25
Calculate 6 - (2 + -1 + 157 + -169).
17
Calculate (4 - 1) + -1 + 0 + 60 + -57.
5
What is 1 + 3 + (1 - -1) + -5 + -8?
-7
Calculate 10 - (12 - 15) - 14.
-1
Evaluate -37 - (-4 + -7 + (3 + 3 - -1)).
-33
-7 + -5 + 6 + -5 + 4
-7
Evaluate -12 + -5 + 21 + 6.
10
(16 - (-19 - 0)) + -23
12
What is the value of 0 - (-6 - -13) - 5?
-12
What is (132 + -95 - (-2 + 1)) + (-2 - 2)?
34
Calculate -1 + 15 + -12 + -1.
1
Calculate 9 - (-3 + -55 + 28).
39
What is 8 + -14 + (-6 - 1 - -2)?
-11
-8 - ((7 - 20) + -9)
14
What is -11 + 6 - -10 - 5 - -2?
2
(-10 - (-3 + 3)) + (11 - 1)
0
What is 18 - (-4 - -2) - (-27 - -47 - 17)?
17
0 + 2 + (-35 - -12 - -19)
-2
What is (-8 - (-62 - -28)) + 1?
27
-2 + -3 + (9 - 2) + 10 + 4
16
Calculate 19 + (5 - 8 - (-6 - -9)).
13
Calculate 11 + 1 + -22 - -22.
12
What is the value of 3 + -21 - (-3 - 0 - 3)?
-12
What is (1 - ((0 - 19) + 8)) + -10?
2
Evaluate 13 - ((-9 - -23) + -5).
4
Evaluate (-28 + 10 - -36) + -12.
6
Evaluate 6 + (0 - 17) - (6 + (-12 - 3)).
-2
What is 5 + -1 + -13 - (-11 + 2)?
0
Calculate (22 - 25) + 0 + -3 + 13.
7
What is -5 + 1 + -45 + 49 - 0 - 0?
0
Calculate (-370 - -383) + -1 + 14 + -21.
5
Evaluate 0 - -1 - (10 - (17 - (-12 - -21))).
-1
What is (-6 + 0 - -4 - (4 - 2)) + 2?
-2
Calculate 2 - 0 - (-11 + 25 + -3 + 4).
-13
3 + -4 - (23 - 40) - -5
21
Calculate (8 - 0) + (1329 - 1325).
12
What is -5 + (21 - 12) + 3 + -10?
-3
Evaluate 29 - (-7 - (3 + (10 - 6)) - -11).
32
-24 + 29 - (17 - 17)
5
What is the value of (8 - 2) + -16 + 26 + -10 + -12?
-6
What is the value of 0 - (-4 + 9 - 11) - 22?
-16
What is the value of -7 - (17 - 6 - 19)?
1
What is 18 - (49 - 17) - (-19 + -3)?
8
What is the value of (-1 - (3 - 4)) + -1 + (16 - -4)?
19
Evaluate -7 - -10 - (-4 + (-5 - -4)).
8
0 + 6 - (134 + -132)
4
What is the value of 0 - 22 - -10 - 0?
-12
What is (12 - 5 - (1 - (-3 + -2))) + 0?
1
What is -7 + (-5 - ((1 - (8 + 6)) + 1))?
0
What is -4 - 11 - (-7 + 0 + 5) - -4?
-9
What is the value of -9 + 4 - -1 - (12 + -4)?
-12
Evaluate (-5 - -1) + 0 - (-340 + 173 - -186).
-23
Calculate (24 - (-13 + (7 - -11))) + -17.
2
Evaluate -2 + (11 - 6) - (11 + -5).
-3
What is the value of -8 + 33 + -22 + -15?
-12
What is 0 - (-6 - (-19 + 10 + 7))?
4
What is 2 + (-3 - (-5 - -1 - -2 - -5))?
-4
What is (0 - 17) + 4 + 15 + -14?
-12
What is 17 - (0 + 2 - ((-16 - -7) + 4))?
10
Calculate (-4 - 0) + 0 + (29 + -9 - -6).
22
What is the value of 6 + (-13 - -28 - 9)?
12
Evaluate -10 + 24 + -50 - (-1 - 1).
-34
Evaluate -5 + 14 + (-9 - 12).
-12
(-1 - 3) + 15 + 2 + (-7 - -1)
7
Calculate (2 - 9) + (-13 - 6 - -48).
22
(-6 - (4 + -12)) + -7 - 9
-14
What is (-4 - (-4 + 17 + -8)) + (-2 - 4)?
-15
Evaluate (-8 - 1) + (5 - (-8 + 16)).
-12
Evaluate 16 + 3 - 33 - (17 - 3).
-28
Calculate (7 - 1 - (53 + -47)) + -17.
-17
Calculate (-9 - 1) + (-20 - -18) + 5.
-7
What is the value of -28 + (29 - -5) + -45?
-39
What is ((14 - 0) + -7 - 18) + (-1 - -6)?
-6
-20 + 5 + 11 + 15
11
What is the value of -8 + -6 + 10 - -8?
4
Calculate 39 + (19 - (10 - 3) - 22).
29
Calculate -13 - (-21 - -5) - -19.
22
What is (2 - 15) + (6 - (24 + -41))?
10
(3 + -3 + -2 - 3) + (-434 - -453)
14
What is 7 + -24 + 18 + 0 - 7?
-6
What is -6 + -10 + -1 + 19?
2
What is 17 + -5 + 16 + -40?
-12
Evaluate (6 + -12 - -8) + -2 + -2 - 5.
-7
What is the value of (11 - 7) + 8 + -6 - -4?
10
Calculate 372 + -345 + (-55 - 2).
-30
0 + 2 - (13 - (-14 + (26 - 14)))
-13
Calculate -58 + 42 - (-35 - 6).
25
9 - (2 - -5) - (3 - 1)
0
What is 17 - (5 + -1 - (-11 + 13 + -3))?
12
Calculate -10 - (26 - 13) - (-3 - (2 + 3)).
-15
Calculate -1 + -1 + 11 - (-1200 + 1206).
3
12 - (-17 + 8 + 3)
18
What is the value of (-18 - (-26 - -20)) + 6 + -13?
-19
Evaluate (26 - 28) + -1 + -2 + -4.
-9
What is the value of 47 - (-12 + 30 - 8)?
37
Calculate -8 + 1 + (9 - (48 + -48)).
2
What is (0 - 12) + 15 - 8?
-5
Calculate 3 - (0 + -2) - -1 - (418 - 418).
6
What is the value of -1 + (-2 - (-23 + 17))?
3
What is the value of 86 + -103 - -26 - (-31 - -1)?
39
What is 47 + -59 + 1 + 5 + 3?
-3
3 + (0 + -3 - -10)
10
Calculate 4 - 1 - ((-3 - (10 - 8)) + 10).
-2
3 + 32 + -25 + 9
19
What is the value of (1 + -3 - 6) + -37 + 25 + 24?
4
(0 - -18) + -15 + -2
1
Calculate -12 - ((-3 - (0 + 13)) + 26).
-22
Evaluate 1 + (-7 - -16 - (7 + -2)) + -1.
4
Evaluate -4 + (-5 - -1) + (59 - 63).
-12
Calculate -37 + 47 - (2 + -6 + 4 + 6).
4
-7 + 8 + -8 - (-4 - 17)
14
What is the value of -6 + 6 + 10 + -6 - -4?
8
What is the value of (-5 - (14 + -9)) + -58 + 54?
-14
What is the value of 42 + -11 + -16 + -21 - (0 + -3)?
-3
What is -9 - 1 - (-386 + 362)?
14
What is the value of -7 + (1 + (-6 + 6 - -2) - -6)?
2
-606 + 601 - (-1 - 30)
26
Calculate 1 - (1 - -16) - (1 - (10 + -4)).
-11
What is 0 - 1 - (-4 - ((-5 - -5) + -9))?
-6
What is (130 - 120 - (2 + 21)) + -2?
-15
514 + -487 + (-33 - -1)
-5
Evaluate (1 + 31 - 2) + 0 - 7.
23
Calculate -6 - (-6 - (-9 + 2) - (10 - 12)).
-9
4 + -2 + 28 + -14 + -9
7
What is 1 - (-2 + 5 - 3 - (11 + -3))?
9
-4 + 5 + 8 + (-34 - (-12 + 0))
-13
Evaluate -7 - (0 - 5 - -12 - 6 - -5).
-13
Evaluate -1 - -20 - (-7 + 3 + 8 - -1).
14
What is the value of 12 + 10 + -9 + (-37 - -8)?
-16
What is (-11 - -2) + -15 + 14?
-10
(-5 - -2 - 3) + -2 + 13 + 4
9
4 - 10 - -16 - -2
12
What is the value of 0 - (-2 - -3 - -14)?
-15
Evaluate (101 - 78) + -1 + -13.
9
Calculate 20 - (-1 - -9) - 17 - 13.
-18
Calculate (4 - (5 - 9)) + 3 + -39 - -8.
-20
What is the value of -8 + (2 + -6 - (-13 - 8) - 9)?
0
Calculate 9 - 7 - (-25 + 4 + 10).
13
What is the value of (-10 - -3) + (17 + -24 - -13)?
-1
Evaluate -22 - -6 - (0 + 2) - -4.
-14
Calculate 8 + -9 - (-20 - -8).
11
-3 + (2 + -10 - (-21 - -17)) + -2
-9
What is -30 + 9 + 20 + 4?
3
Evaluate (-6 - -15) + (-2 - 7).
0
What is the value of (-4 - -7 - (23 + (2 - -3))) + 9?
-16
0 + (-22 - -26) - (-11 + 1)
14
(25 - 36) + (-13 - -6) + 14 + -19
-23
Evaluate (6 - (-13 + 22)) + 2 + 12.
11
56 + -37 + -40 + 15
-6
-20 + -2 + -3 + 0 + 13
-12
24 + (6 - -7) + -6 + -8
23
Evaluate (-1 + 6 - 4 - -6) + (-4 - -8).
11
What is (-12 - -21 - (8 - 1)) + -10 + 12?
4
What is 8 - (-8 + 8 - -6) - 19?
-17
-2 + (5 - 6) + -2 + 0 + 1
-4
Evaluate (2 - 6 - (-7 - -9)) + 6.
0
What is the value of 6 + -5 + 0 - (-6 + 1)?
6
Calculate 21 + -1 + -12 + (-1 - -1) + 2.
10
Calculate 3 + 8 + 10 + -9.
12
What is the value of -3 + (9 + -8 + 11 - -9)?
18
What is the value of 2473 - 2478 - (2 + -1 + 1)?
-7
(4 - (-10 + 32)) + 33 - -8
23
What is -9 + 5 + 1 + (12 - -2)?
11
What is the value of -2 + 13 + (0 - 8) - -9?
12
Evaluate (-8 - (3 + 14)) + 31.
6
Calculate 3 - (-6 + -10 + -2 - -8).
13
What is the value of (1 - -4) + (-32 + 12 - (4 + -18))?
-1
Calculate -12 + (8 - -12) + -15.
-7
What is the value of 216 - 226 - (-10 - (-2 - -3 - 4))?
-3
What is -3 + -8 + (-5 - -2) + 9 + 13?
8
Evaluate 7 + (1 - 11) + 4.
1
Calculate 0 + 1 + 12 - (-3396 - -3396).
13
9 - (-5 + 13 + (5 - (7 - -1)))
4
What is the value of -27 - (-61 + 28) - (16 - (-2 + 3))?
-9
What is -5 - (0 + 1 + 0 - (-113 + 112))?
-7
What is (19 - (-26 + 16)) + -19?
10
Calculate 5 + 1 - (6 + -1).
1
Calculate -18 + -14 + -17